e y(6). Suppose f + j*f = 48. Calculate the highest common factor of l and f.
16
Suppose 5*s + j = -2*j + 18, 2*s - 2 = 4*j. Suppose -s*w - 135 = -6*w. What is the greatest common factor of w and 18?
9
Suppose 6*o - 4*v - 1848 = 2*o, -2*o + 921 = -v. What is the highest common factor of 27 and o?
27
Suppose -4*h + 12 = 2*h. Calculate the greatest common divisor of h and 5.
1
Suppose -y + 0*y = -7. Let l be (-74)/(-10) - 14/35. What is the highest common divisor of y and l?
7
Let x be -2 + -3 + 2 - -67. Let v = 5 + 3. Calculate the greatest common factor of v and x.
8
Suppose -3*z + 24 = -z. Let f = -8 + z. Suppose 0 = -2*k + f*k - 10. Calculate the greatest common divisor of k and 20.
5
Suppose -4*q + 0*q = 24. Let m be 22/q*(-2 + -1). What is the highest common factor of 11 and m?
11
Let t = 49 - 45. Calculate the highest common divisor of 20 and t.
4
Let c = -63 - -183. What is the greatest common divisor of c and 48?
24
Suppose 2*y - 11 = -5*b, -b = -2*y - y + 8. Suppose 1 = 3*k - 2. What is the greatest common factor of y and k?
1
Let h = 1 + 3. Calculate the greatest common divisor of h and 44.
4
Let d(o) = -20*o - 5. Let y be d(-3). Let m = 91 - y. Calculate the highest common divisor of m and 18.
18
Suppose -31 - 98 = -f. Suppose 3*h = 465 + f. What is the greatest common factor of h and 18?
18
Let i(z) = 0 - 3*z - 3 + 7*z. Let w be i(3). Suppose w = 3*v, -y + 2*v + 69 = 4*y. Calculate the highest common factor of 5 and y.
5
Suppose 5*x + 55 = 5*h, -h + 6 = -0*h + 4*x. What is the greatest common factor of 70 and h?
10
Let y(j) = 13*j - 3. Let p be y(6). Suppose 0*l - 5*l + p = 0. Suppose 0 = -3*s + 114 + 21. What is the greatest common factor of l and s?
15
Let d = 49 - 29. Suppose 2*x - 12 = 28. Calculate the highest common factor of x and d.
20
Let c(l) = -1 - l**2 - 3*l**2 - 2*l**2 + 8*l + 5*l**2. Let t be c(7). Let j be (-22)/(-4) + (-1)/(-2). Calculate the highest common factor of t and j.
6
Let k(i) = 4*i**2 - 2*i - 3. Let o be k(-4). Suppose 3*a - 5 = 64. What is the highest common divisor of a and o?
23
Let b(i) = 3*i - 2. Let y be b(4). Let l = y + -9. Suppose 5*q = q + 16. What is the greatest common divisor of q and l?
1
Let y be (2/3)/((-37)/(-36) - 1). What is the highest common factor of y and 16?
8
Suppose -i + 82 - 276 = -3*v, -v + 62 = -i. Calculate the highest common factor of 33 and v.
33
Let c(y) = 53*y + 1. Let t be c(1). Let w be 18/(-3)*-1*1. Calculate the greatest common divisor of t and w.
6
Suppose 5*k + 4*b - 40 = 0, k - 3*k - 5*b + 33 = 0. Suppose 0 = -5*o + k*r + 196, -o - 4*o + 168 = 3*r. What is the highest common factor of 4 and o?
4
Let b = -6 - -4. Let y = b + 5. Let d be (1*6 - -1) + -1. What is the greatest common factor of y and d?
3
Let h = 22 + -12. Let v = 65 + -60. Suppose -v*o - 35 = -h*o. Calculate the greatest common factor of 42 and o.
7
Let j(p) = p**3 + 10*p**2 + 8*p - 13. Let d be j(-9). Let k be d/(-6) + (-50)/(-15). Let n be (k + 0)*39/6. What is the greatest common divisor of n and 65?
13
Let n = 109 - 44. What is the greatest common factor of n and 39?
13
Suppose 0 = 5*i + 2*o - 62, -25 = -5*i + 2*o + 33. What is the highest common divisor of i and 108?
12
Suppose 4*g + 19 = -v, 4*v - 8*v + 2*g - 40 = 0. Let a = 17 + v. Suppose -c = -0 - a. What is the greatest common factor of 4 and c?
2
Suppose 2*r - 3*r = 5*n - 386, 4*r = -3*n + 235. Suppose -2*p + 8*u - 11*u + 25 = 0, 3*p + 2*u = 35. What is the greatest common factor of p and n?
11
Let h = -215 - -324. Suppose -3*n + 4*n - h = 0. Suppose -m + n = 3*o - 3*m, -5*o + 169 = 3*m. Calculate the highest common factor of 14 and o.
7
Let m be (3 - (-1 - -3)) + 0. Let x = 5 + m. Calculate the highest common factor of x and 30.
6
Suppose 3*c + 2*r = -r + 132, -r = -3*c + 136. Let d be 144/c*(-30)/(-4). Calculate the highest common factor of d and 24.
24
Let i(j) = 57*j**3 - 2*j + 2. Let x be i(1). Let d(t) = 3*t - 2. Let s be d(7). What is the highest common factor of s and x?
19
Let a(n) = -n**3 - 6*n**2 + 7*n + 15. Let r be a(-7). What is the highest common factor of 90 and r?
15
Let r(j) = -2*j**2 - j + 4. Let s be r(-4). Let m be (s/(-10))/(1/10). Calculate the greatest common factor of 3 and m.
3
Let v be 203/3 + (-5)/(-15). Calculate the highest common divisor of 17 and v.
17
Let k be 3 + (-1 + 0 - 0). Suppose 4*p = -3*y + 50, -3*p - k = -8. What is the greatest common divisor of 2 and y?
2
Suppose -3*r + 4*r = 0. Suppose r*c = -3*c + 75. What is the highest common divisor of c and 10?
5
Let n = -12 + 42. Suppose 6 = -4*z - n. Let m = 36 - z. Calculate the greatest common factor of 18 and m.
9
Suppose 3*c + 6 = 0, 4*f + 0*f - 5*c - 314 = 0. Suppose -g + f = -144. Suppose 3*a + g = 4*a. What is the greatest common divisor of 20 and a?
20
Let x = -69 - -77. What is the highest common factor of x and 176?
8
Let q = -3 + 6. Suppose -f - 30 = -q*f. Let s(h) = 3*h**2 - 2*h - 1. Let z be s(-2). Calculate the greatest common divisor of f and z.
15
Let w = 8 + 7. Let c = -10 + w. Suppose 2*f = -5*k - c, -4*f + 4*k + 5 = -27. What is the highest common divisor of 45 and f?
5
Let a(g) = 2*g - 8. Let b be a(6). Suppose 0 = 5*c - 2*w - 32, -33 = -9*c + b*c + 3*w. Calculate the greatest common divisor of c and 42.
6
Let d be (1/(-1))/(2/40). Let w be 4/d + (-332)/(-10). What is the greatest common divisor of 297 and w?
33
Suppose 0 = 2*n + n - 225. What is the greatest common factor of n and 30?
15
Let w be (1 - (1 + -4)) + 1. Suppose 0*j + w*j = 45. Let h = j + -1. Calculate the greatest common divisor of 8 and h.
8
Let i(t) = -t**3 + 8*t**2 - 3. Let n be i(8). Let k(z) = -2*z**3 - 3*z**2 + 2*z - 3. Let c be k(n). What is the highest common factor of 18 and c?
18
Let r = 70 - 63. What is the highest common factor of r and 63?
7
Let k(g) = -g**3 - g**2 - g + 12. Suppose 0 = 7*m - 3*m. Let a be k(m). Calculate the highest common divisor of a and 12.
12
Let f(c) = -3*c**3 - c**2 + c + 2. Let i be f(-2). Let b be (88/i)/((-3)/(-15)). What is the highest common factor of 55 and b?
11
Suppose -a - 2*r = -109, 3*a - 4*r = -264 + 641. What is the greatest common divisor of a and 17?
17
Suppose 2*d = -3*g - 4, 4*g - 5*d = -0*d + 10. Suppose -3*a = -g*a - 336. Calculate the highest common factor of 28 and a.
28
Let n(b) = -6*b**3 - 8*b**2 - 6*b + 8. Let w be n(-4). What is the greatest common divisor of w and 32?
32
Let j be (4 - 2)/(4/62). Suppose 51 = -5*t + 306. Let z = t - j. Calculate the greatest common factor of z and 100.
20
Let u(x) = 20*x - 1. Let v be u(1). Suppose 3*t = t + 4*y + 72, 5*t + 3*y - 193 = 0. Calculate the highest common divisor of v and t.
19
Let d be ((-2)/(-3))/((-4)/(-18)). Suppose -3*z + 2*t - 60 = -5*z, 3*z - 5*t - 66 = 0. Calculate the highest common divisor of z and d.
3
Let t be (-96)/9*42/(-8). Suppose 3*a - 15 + 0 = 0. Let k = 12 - a. What is the highest common factor of k and t?
7
Let j be 3/((-9)/(-24)*-1). Let n = j + 9. What is the highest common factor of n and 1?
1
Let s(r) = -r + 8. Let u be s(0). Suppose -u*a + 42 = -6*a. What is the greatest common divisor of 14 and a?
7
Let d(t) = -t**2. Let h be d(1). Let u be ((-1)/(-3) - h)*-3. Let o be u/6 - 174/(-18). What is the greatest common divisor of 9 and o?
9
Suppose -2*f + 2*u = -19 - 33, 0 = -5*u + 10. Calculate the highest common divisor of 7 and f.
7
Suppose 0*p = -3*l + 3*p - 48, 4*l - p = -58. Let m = 4 - l. Suppose -m = 2*b + 4*c - 92, -57 = -b + 3*c. Calculate the highest common divisor of b and 5.
5
Suppose 5*d - 2*d = 15. Suppose 4 = -g + d*g. Let p be ((-68)/(-12))/(g/3). Calculate the greatest common factor of p and 136.
17
Let n be (0 + -2)*-2 - -7. What is the highest common divisor of 77 and n?
11
Let h = 20 + -10. What is the greatest common divisor of h and 5?
5
Let g = 13 + 2. Let p(h) = 2*h**3 + 9*h**2 + 0*h + 3*h - 3*h**3 + 5. Let w be p(5). What is the greatest common factor of w and g?
15
Let j = 14 + -8. Suppose -j = -m + 7. Let t be ((-13)/(-2))/((-1)/(-6)). What is the greatest common divisor of t and m?
13
Suppose q = -2*q. Suppose 1 = 4*i - 15. Suppose q*v + i = 2*v. What is the greatest common divisor of 2 and v?
2
Let t(u) = 5*u. Let z(h) be the second derivative of h**3/6 - h**2 + 2*h. Let n be z(3). Let x be t(n). What is the highe